{"id":575,"date":"2025-01-30T10:12:03","date_gmt":"2025-01-30T10:12:03","guid":{"rendered":"https:\/\/ns-cedin.parisnanterre.fr\/?page_id=575"},"modified":"2025-03-28T08:45:38","modified_gmt":"2025-03-28T08:45:38","slug":"du","status":"publish","type":"page","link":"https:\/\/cedin.parisnanterre.fr\/index.php\/du\/","title":{"rendered":"DU Droit des \u00e9nergies en transition, de l\u2019investissement et de l\u2019arbitrage international"},"content":{"rendered":"<style>.kb-row-layout-id575_dbe765-fb > .kt-row-column-wrap{align-content:start;}:where(.kb-row-layout-id575_dbe765-fb > .kt-row-column-wrap) > .wp-block-kadence-column{justify-content:start;}.kb-row-layout-id575_dbe765-fb > .kt-row-column-wrap{column-gap:var(--global-kb-gap-none, 0rem );row-gap:var(--global-kb-gap-none, 0rem );max-width:var( --global-content-width, 1290px );padding-left:var(--global-content-edge-padding);padding-right:var(--global-content-edge-padding);grid-template-columns:minmax(0, 2fr) minmax(0, 1fr);}.kb-row-layout-id575_dbe765-fb{--breakout-negative-margin-right:calc( ( ( ( var(--global-vw, 100vw) - ( var( --global-content-width, 1290px ) - ( var(--global-content-edge-padding)*2 ) ) ) \/ 2 ) *-1) + -1px);--breakout-negative-margin-left:calc( ( ( ( var(--global-vw, 100vw) - ( var( --global-content-width, 1290px ) - ( var(--global-content-edge-padding)*2 ) ) ) \/ 2 ) *-1) + -1px);}@media all and (min-width:1290px){.kb-row-layout-id575_dbe765-fb > .kt-row-column-wrap > .wp-block-kadence-column:nth-child(2 of *:not(style)):not(.specificity){margin-inline-end:var(--breakout-negative-margin-right);}}.kb-row-layout-id575_dbe765-fb > .kt-row-layout-overlay{opacity:0.30;}@media all and (min-width: 1025px){.kb-row-layout-id575_dbe765-fb > .kt-row-column-wrap > .wp-block-kadence-column:nth-child(2 of *:not(style)){margin-inline-end:calc( var(--global-content-edge-padding) *-1 );}}@media all and (max-width: 1024px){.kb-row-layout-id575_dbe765-fb > .kt-row-column-wrap{column-gap:var(--global-kb-gap-none, 0rem );row-gap:var(--global-kb-gap-none, 0rem );padding-top:0px;padding-bottom:0px;min-height:100vh;grid-template-columns:minmax(0, 1fr);}}@media all and (min-width: 768px) and (max-width: 1024px){.kb-row-layout-id575_dbe765-fb > .kt-row-column-wrap:not(.kt-tab-layout-row) > .wp-block-kadence-column:nth-child(2 of *:not(style)){margin-inline-end:calc( var(--global-content-edge-padding) *-1 );}}@media all and (max-width: 767px){.kb-row-layout-id575_dbe765-fb > .kt-row-column-wrap{grid-template-columns:minmax(0, 1fr);}}<\/style><div class=\"kb-row-layout-wrap kb-row-layout-id575_dbe765-fb alignfull has-theme-palette9-background-color kt-row-has-bg wp-block-kadence-rowlayout\"><div class=\"kt-row-column-wrap kt-has-2-columns kt-row-layout-left-golden kt-tab-layout-row kt-mobile-layout-row kt-row-valign-top kt-inner-column-height-full kb-theme-content-width\">\n<style>.kadence-column575_e80707-1d > .kt-inside-inner-col{display:flex;}.kadence-column575_e80707-1d > .kt-inside-inner-col{padding-top:104px;padding-right:250px;padding-bottom:104px;}.kadence-column575_e80707-1d > .kt-inside-inner-col{border-right:0px solid var(--global-palette3, #1A202C);border-left:0px solid rgba(255,255,255,0);}.kadence-column575_e80707-1d > .kt-inside-inner-col,.kadence-column575_e80707-1d > .kt-inside-inner-col:before{border-top-left-radius:0px;border-top-right-radius:0px;border-bottom-right-radius:0px;border-bottom-left-radius:0px;}.kadence-column575_e80707-1d > .kt-inside-inner-col{column-gap:var(--global-kb-gap-sm, 1rem);}.kadence-column575_e80707-1d > .kt-inside-inner-col{flex-direction:column;justify-content:center;}.kadence-column575_e80707-1d > .kt-inside-inner-col > .aligncenter{width:100%;}.kt-row-column-wrap > .kadence-column575_e80707-1d{align-self:center;}.kt-inner-column-height-full:not(.kt-has-1-columns) > .wp-block-kadence-column.kadence-column575_e80707-1d{align-self:auto;}.kt-inner-column-height-full:not(.kt-has-1-columns) > .wp-block-kadence-column.kadence-column575_e80707-1d > .kt-inside-inner-col{flex-direction:column;justify-content:center;}.kadence-column575_e80707-1d > .kt-inside-inner-col:before{opacity:0.3;}.kadence-column575_e80707-1d{position:relative;}@media all and (max-width: 1024px){.kadence-column575_e80707-1d > .kt-inside-inner-col{padding-top:var(--global-kb-spacing-lg, 3rem);padding-right:0px;padding-bottom:var(--global-kb-spacing-xs, 1rem);border-top:0px solid transparent;border-right:0px solid var(--global-palette3, #1A202C);border-bottom:0px solid transparent;border-left:0px solid rgba(255,255,255,0);flex-direction:column;justify-content:center;}}@media all and (max-width: 1024px){.kt-row-column-wrap > .kadence-column575_e80707-1d{align-self:center;}}@media all and (max-width: 1024px){.kt-inner-column-height-full:not(.kt-has-1-columns) > .wp-block-kadence-column.kadence-column575_e80707-1d{align-self:auto;}}@media all and (max-width: 1024px){.kt-inner-column-height-full:not(.kt-has-1-columns) > .wp-block-kadence-column.kadence-column575_e80707-1d > .kt-inside-inner-col{flex-direction:column;justify-content:center;}}@media all and (max-width: 767px){.kadence-column575_e80707-1d > .kt-inside-inner-col{border-top:0px solid transparent;border-right:0px solid var(--global-palette3, #1A202C);border-bottom:0px solid transparent;border-left:0px solid rgba(255,255,255,0);flex-direction:column;justify-content:center;}.kt-row-column-wrap > .kadence-column575_e80707-1d{align-self:center;}.kt-inner-column-height-full:not(.kt-has-1-columns) > .wp-block-kadence-column.kadence-column575_e80707-1d{align-self:auto;}.kt-inner-column-height-full:not(.kt-has-1-columns) > .wp-block-kadence-column.kadence-column575_e80707-1d > .kt-inside-inner-col{flex-direction:column;justify-content:center;}}<\/style>\n<div class=\"wp-block-kadence-column kadence-column575_e80707-1d\"><div class=\"kt-inside-inner-col\"><style>.wp-block-kadence-advancedheading.kt-adv-heading575_c38499-5c, .wp-block-kadence-advancedheading.kt-adv-heading575_c38499-5c[data-kb-block=\"kb-adv-heading575_c38499-5c\"]{padding-bottom:0px;margin-bottom:var(--global-kb-spacing-xs, 1rem);text-align:center;font-size:var(--global-kb-font-size-lg, 2rem);line-height:1.2;font-style:normal;}.wp-block-kadence-advancedheading.kt-adv-heading575_c38499-5c mark.kt-highlight, .wp-block-kadence-advancedheading.kt-adv-heading575_c38499-5c[data-kb-block=\"kb-adv-heading575_c38499-5c\"] mark.kt-highlight{font-style:normal;color:#f76a0c;-webkit-box-decoration-break:clone;box-decoration-break:clone;padding-top:0px;padding-right:0px;padding-bottom:0px;padding-left:0px;}.wp-block-kadence-advancedheading.kt-adv-heading575_c38499-5c img.kb-inline-image, .wp-block-kadence-advancedheading.kt-adv-heading575_c38499-5c[data-kb-block=\"kb-adv-heading575_c38499-5c\"] img.kb-inline-image{width:150px;vertical-align:baseline;}@media all and (max-width: 1024px){.wp-block-kadence-advancedheading.kt-adv-heading575_c38499-5c, .wp-block-kadence-advancedheading.kt-adv-heading575_c38499-5c[data-kb-block=\"kb-adv-heading575_c38499-5c\"]{font-size:var(--global-kb-font-size-xl, 3rem);}}@media all and (max-width: 767px){.wp-block-kadence-advancedheading.kt-adv-heading575_c38499-5c, .wp-block-kadence-advancedheading.kt-adv-heading575_c38499-5c[data-kb-block=\"kb-adv-heading575_c38499-5c\"]{font-size:var(--global-kb-font-size-xl, 3rem);}}<\/style>\n<h4 class=\"kt-adv-heading575_c38499-5c wp-block-kadence-advancedheading has-theme-palette-3-color has-text-color\" data-kb-block=\"kb-adv-heading575_c38499-5c\"><strong>Dipl\u00f4me d\u2019Universit\u00e9 <\/strong><br><strong>Droit \u00e9conomie et gestion mention<\/strong><\/h4>\n\n\n<style>.wp-block-kadence-advancedheading.kt-adv-heading575_401886-af, .wp-block-kadence-advancedheading.kt-adv-heading575_401886-af[data-kb-block=\"kb-adv-heading575_401886-af\"]{text-align:center;font-size:var(--global-kb-font-size-md, 1.25rem);line-height:1.2;font-style:normal;}.wp-block-kadence-advancedheading.kt-adv-heading575_401886-af mark.kt-highlight, .wp-block-kadence-advancedheading.kt-adv-heading575_401886-af[data-kb-block=\"kb-adv-heading575_401886-af\"] mark.kt-highlight{font-style:normal;color:#f76a0c;-webkit-box-decoration-break:clone;box-decoration-break:clone;padding-top:0px;padding-right:0px;padding-bottom:0px;padding-left:0px;}.wp-block-kadence-advancedheading.kt-adv-heading575_401886-af img.kb-inline-image, .wp-block-kadence-advancedheading.kt-adv-heading575_401886-af[data-kb-block=\"kb-adv-heading575_401886-af\"] img.kb-inline-image{width:150px;vertical-align:baseline;}<\/style>\n<p class=\"kt-adv-heading575_401886-af wp-block-kadence-advancedheading has-theme-palette-3-color has-text-color\" data-kb-block=\"kb-adv-heading575_401886-af\"><strong>Droit des \u00e9nergies en transition, de l\u2019investissement et de l\u2019arbitrage international<\/strong><\/p>\n\n\n\n<h6 class=\"wp-block-heading has-text-align-center has-lg-font-size has-medium-font-size\">Responsable p\u00e9dagogique : Denys-Sacha Robin<\/h6>\n\n\n\n<hr class=\"wp-block-separator has-alpha-channel-opacity\"\/>\n\n\n<style>.wp-block-kadence-advancedheading.kt-adv-heading575_6caac7-ec, .wp-block-kadence-advancedheading.kt-adv-heading575_6caac7-ec[data-kb-block=\"kb-adv-heading575_6caac7-ec\"]{font-style:normal;}.wp-block-kadence-advancedheading.kt-adv-heading575_6caac7-ec mark.kt-highlight, .wp-block-kadence-advancedheading.kt-adv-heading575_6caac7-ec[data-kb-block=\"kb-adv-heading575_6caac7-ec\"] mark.kt-highlight{font-style:normal;color:#f76a0c;-webkit-box-decoration-break:clone;box-decoration-break:clone;padding-top:0px;padding-right:0px;padding-bottom:0px;padding-left:0px;}.wp-block-kadence-advancedheading.kt-adv-heading575_6caac7-ec img.kb-inline-image, .wp-block-kadence-advancedheading.kt-adv-heading575_6caac7-ec[data-kb-block=\"kb-adv-heading575_6caac7-ec\"] img.kb-inline-image{width:150px;vertical-align:baseline;}<\/style>\n<p class=\"kt-adv-heading575_6caac7-ec wp-block-kadence-advancedheading has-theme-palette-3-color has-text-color\" data-kb-block=\"kb-adv-heading575_6caac7-ec\">Le Dipl\u00f4me d\u2019Universit\u00e9 \u00ab&nbsp;Droit des \u00e9nergies en transition, de l\u2019investissement et de l\u2019arbitrage international&nbsp;\u00bb prend la succession du DU \u00ab&nbsp;Droit de l\u2019\u00e9nergie, de l\u2019investissement et de l\u2019arbitrage international&nbsp;\u00bb. Tout en conservant le m\u00eame objet d\u2019\u00e9tude \u2013 les ressources naturelles et la production d\u2019\u00e9nergie \u00e0 l\u2019\u00e9chelle internationale \u2013 cette nouvelle maquette du dipl\u00f4me vise \u00e0 l\u2019inscrire dans une perspective r\u00e9solument actuelle, tourn\u00e9e vers la transition \u00e9cologique et le respect des nouvelles contraintes normatives visant \u00e0 prot\u00e9ger l\u2019environnement et le climat. Les mati\u00e8res du nouveau DU portent ainsi tant sur le droit des ressources \u00e9nerg\u00e9tiques min\u00e9rales classiques et des industries extractives que sur le droit des \u00e9nergies renouvelables et le droit de l\u2019environnement. Il garde par ailleurs un important volet international via l\u2019\u00e9tude du droit international relatif \u00e0 la protection des investissements, aux modalit\u00e9s de financement des projets d\u2019infrastructures, \u00e0 l\u2019\u00e9thique des affaires, aux contrats et \u00e0 l\u2019arbitrage.<br>L\u2019objectif est de former des juristes de haut niveau, fran\u00e7ais et \u00e9trangers, afin de r\u00e9pondre aux besoins des entreprises publiques et priv\u00e9es du secteur \u00e9nerg\u00e9tique. Ce faisant, le DU entend r\u00e9pondre aux besoins de formation continue identifi\u00e9s par les cabinets d\u2019avocats internationaux, les directions juridiques des grandes entreprises et les institutions publiques pertinentes. \u00c0 ce titre, le DU accueille chaque ann\u00e9e une vingtaine d\u2019\u00e9tudiant-e-s provenant de France, d\u2019autres \u00c9tats de l\u2019Union europ\u00e9enne, mais aussi d\u2019Afrique francophone et de certains pays d\u2019Am\u00e9rique latine.<\/p>\n\n\n<style>.wp-block-kadence-advancedbtn.kb-btns575_9eaa5e-fb{gap:var(--global-kb-gap-xs, 0.5rem );justify-content:center;align-items:center;}.kt-btns575_9eaa5e-fb .kt-button{font-weight:normal;font-style:normal;}.kt-btns575_9eaa5e-fb .kt-btn-wrap-0{margin-right:5px;}.wp-block-kadence-advancedbtn.kt-btns575_9eaa5e-fb .kt-btn-wrap-0 .kt-button{color:#555555;border-color:#555555;}.wp-block-kadence-advancedbtn.kt-btns575_9eaa5e-fb .kt-btn-wrap-0 .kt-button:hover, .wp-block-kadence-advancedbtn.kt-btns575_9eaa5e-fb .kt-btn-wrap-0 .kt-button:focus{color:#ffffff;border-color:#444444;}.wp-block-kadence-advancedbtn.kt-btns575_9eaa5e-fb .kt-btn-wrap-0 .kt-button::before{display:none;}.wp-block-kadence-advancedbtn.kt-btns575_9eaa5e-fb .kt-btn-wrap-0 .kt-button:hover, .wp-block-kadence-advancedbtn.kt-btns575_9eaa5e-fb .kt-btn-wrap-0 .kt-button:focus{background:#444444;}<\/style>\n<div class=\"wp-block-kadence-advancedbtn kb-buttons-wrap kb-btns575_9eaa5e-fb\"><style>ul.menu .wp-block-kadence-advancedbtn .kb-btn575_e44bf7-67.kb-button{width:initial;}.wp-block-kadence-advancedbtn .kb-btn575_e44bf7-67.kb-button{background:var(--global-palette1, #3182CE);}<\/style><a class=\"kb-button kt-button button kb-btn575_e44bf7-67 kt-btn-size-standard kt-btn-width-type-auto kb-btn-global-inherit  kt-btn-has-text-true kt-btn-has-svg-false  wp-block-button__link wp-block-kadence-singlebtn\" href=\"https:\/\/ns-cedin.parisnanterre.fr\/wp-content\/uploads\/2025\/03\/Programme-general-DU-droit-des-energies-en-transition-Nanterre.pdf\"><span class=\"kt-btn-inner-text\">Programme<\/span><\/a><\/div>\n\n\n\n<hr class=\"wp-block-separator has-alpha-channel-opacity\"\/>\n\n\n<style>.wp-block-kadence-advancedheading.kt-adv-heading575_0c7d37-8a, .wp-block-kadence-advancedheading.kt-adv-heading575_0c7d37-8a[data-kb-block=\"kb-adv-heading575_0c7d37-8a\"]{text-align:left;font-style:normal;}.wp-block-kadence-advancedheading.kt-adv-heading575_0c7d37-8a mark.kt-highlight, .wp-block-kadence-advancedheading.kt-adv-heading575_0c7d37-8a[data-kb-block=\"kb-adv-heading575_0c7d37-8a\"] mark.kt-highlight{font-style:normal;color:#f76a0c;-webkit-box-decoration-break:clone;box-decoration-break:clone;padding-top:0px;padding-right:0px;padding-bottom:0px;padding-left:0px;}.wp-block-kadence-advancedheading.kt-adv-heading575_0c7d37-8a img.kb-inline-image, .wp-block-kadence-advancedheading.kt-adv-heading575_0c7d37-8a[data-kb-block=\"kb-adv-heading575_0c7d37-8a\"] img.kb-inline-image{width:150px;vertical-align:baseline;}<\/style>\n<p class=\"kt-adv-heading575_0c7d37-8a wp-block-kadence-advancedheading has-theme-palette-3-color has-text-color\" data-kb-block=\"kb-adv-heading575_0c7d37-8a\">Le DU est ouvert \u00e0 toute personne justifiant d\u2019un niveau master 1 en droit (avec si possible une ma\u00eetrise pr\u00e9alable des bases du droit international). Il est ouvert aux \u00e9tudiant.e.s comme aux professionnel.le.s. Les candidatures sont ouvertes \u00e0 partir des mois de mars\/avril via la plateforme \u00ab&nbsp;e-candidat&nbsp;\u00bb (les d\u00e9tails de la proc\u00e9dure sont pr\u00e9sent\u00e9s sur la page web du DU).<br>Afin de permettre aux \u00e9tudiants en master, aux \u00e9l\u00e8ves avocats ou aux personnes ayant un emploi de participer au DU (avocat.e.s, employ\u00e9.e.s d\u2019entreprises, agents d\u2019institutions publiques, etc.), les cours ont lieu les vendredis et samedis entre janvier et juin. La pr\u00e9sence en cours est obligatoire mais la r\u00e8gle peut faire l\u2019objet d\u2019un am\u00e9nagement sp\u00e9cifique pour les personnes exer\u00e7ant un emploi \u00e0 temps plein et sur pr\u00e9sentation de justificatifs (contrat de travail et attestation de l\u2019employeur relative \u00e0 l\u2019impossibilit\u00e9 de participer aux cours des vendredis).<\/p>\n\n\n<style>.wp-block-kadence-advancedbtn.kb-btns575_498bbb-f1{gap:var(--global-kb-gap-xs, 0.5rem );justify-content:center;align-items:center;}.kt-btns575_498bbb-f1 .kt-button{font-weight:normal;font-style:normal;}.kt-btns575_498bbb-f1 .kt-btn-wrap-0{margin-right:5px;}.wp-block-kadence-advancedbtn.kt-btns575_498bbb-f1 .kt-btn-wrap-0 .kt-button{color:#555555;border-color:#555555;}.wp-block-kadence-advancedbtn.kt-btns575_498bbb-f1 .kt-btn-wrap-0 .kt-button:hover, .wp-block-kadence-advancedbtn.kt-btns575_498bbb-f1 .kt-btn-wrap-0 .kt-button:focus{color:#ffffff;border-color:#444444;}.wp-block-kadence-advancedbtn.kt-btns575_498bbb-f1 .kt-btn-wrap-0 .kt-button::before{display:none;}.wp-block-kadence-advancedbtn.kt-btns575_498bbb-f1 .kt-btn-wrap-0 .kt-button:hover, .wp-block-kadence-advancedbtn.kt-btns575_498bbb-f1 .kt-btn-wrap-0 .kt-button:focus{background:#444444;}<\/style>\n<div class=\"wp-block-kadence-advancedbtn kb-buttons-wrap kb-btns575_498bbb-f1\"><style>ul.menu .wp-block-kadence-advancedbtn .kb-btn575_efc19a-2a.kb-button{width:initial;}.wp-block-kadence-advancedbtn .kb-btn575_efc19a-2a.kb-button{background:var(--global-palette1, #3182CE);}<\/style><a class=\"kb-button kt-button button kb-btn575_efc19a-2a kt-btn-size-standard kt-btn-width-type-auto kb-btn-global-inherit  kt-btn-has-text-true kt-btn-has-svg-false  wp-block-button__link wp-block-kadence-singlebtn\" href=\"https:\/\/ufr-dsp.parisnanterre.fr\/du-de\/du-droit-de-lenergie\"><span class=\"kt-btn-inner-text\">En savoir plus<\/span><\/a><\/div>\n<\/div><\/div>\n\n\n<style>.kadence-column575_4f401b-1f > .kt-inside-inner-col{display:flex;}.kadence-column575_4f401b-1f > .kt-inside-inner-col{padding-top:var(--global-kb-spacing-4xl, 8rem);padding-right:var(--global-kb-spacing-5xl, 10rem);padding-bottom:var(--global-kb-spacing-4xl, 8rem);padding-left:var(--global-kb-spacing-xl, 4rem);}.kadence-column575_4f401b-1f > .kt-inside-inner-col{border-top:0px solid var(--global-palette3, #1A202C);border-right:0px solid var(--global-palette3, #1A202C);border-bottom:0px solid var(--global-palette3, #1A202C);border-left:0px solid var(--global-palette3, #1A202C);}.kadence-column575_4f401b-1f > .kt-inside-inner-col,.kadence-column575_4f401b-1f > .kt-inside-inner-col:before{border-top-left-radius:0px;border-top-right-radius:0px;border-bottom-right-radius:0px;border-bottom-left-radius:0px;}.kadence-column575_4f401b-1f > .kt-inside-inner-col{row-gap:10px;column-gap:10px;}.kadence-column575_4f401b-1f > .kt-inside-inner-col{flex-direction:row;flex-wrap:wrap;align-items:center;justify-content:space-between;flex-wrap:nowrap;}.kadence-column575_4f401b-1f > .kt-inside-inner-col > *, .kadence-column575_4f401b-1f > .kt-inside-inner-col > figure.wp-block-image, .kadence-column575_4f401b-1f > .kt-inside-inner-col > figure.wp-block-kadence-image{margin-top:0px;margin-bottom:0px;}.kadence-column575_4f401b-1f > .kt-inside-inner-col > .kb-image-is-ratio-size{flex-grow:1;}.wp-block-kadence-column.kb-section-dir-horizontal.kadence-column575_4f401b-1f > .kt-inside-inner-col > *{flex-basis:481px;}.wp-block-kadence-column.kb-section-dir-horizontal.kadence-column575_4f401b-1f > .kt-inside-inner-col > .wp-block-kadence-infobox{width:0px;}.kadence-column575_4f401b-1f > .kt-inside-inner-col{background-color:var(--global-palette8, #F7FAFC);}.kadence-column575_4f401b-1f > .kt-inside-inner-col:before{opacity:0.3;}.kadence-column575_4f401b-1f{text-align:left;}.kadence-column575_4f401b-1f{position:relative;}@media all and (max-width: 1024px){.kadence-column575_4f401b-1f > .kt-inside-inner-col{padding-top:0px;padding-right:0px;padding-bottom:0px;padding-left:0px;min-height:30px;border-top:0px solid rgba(255,255,255,0);border-right:0px solid rgba(255,255,255,0);border-bottom:0px solid rgba(255,255,255,0);border-left:0px solid rgba(255,255,255,0);column-gap:0px;flex-direction:column;justify-content:center;align-items:stretch;flex-wrap:nowrap;}}@media all and (max-width: 1024px){.kadence-column575_4f401b-1f{text-align:center;}}@media all and (max-width: 1024px){.wp-block-kadence-column.kb-section-dir-horizontal.kadence-column575_4f401b-1f > .kt-inside-inner-col > *{-webkit-flex:unset;flex:unset;-webkit-flex:1;flex:1;max-width:100%;}}@media all and (max-width: 1024px){.wp-block-kadence-column.kb-section-dir-horizontal.kadence-column575_4f401b-1f > .kt-inside-inner-col > .wp-block-kadence-infobox{width:auto;align-self:unset;}}@media all and (max-width: 1024px){.kadence-column575_4f401b-1f, .kt-inside-inner-col > .kadence-column575_4f401b-1f:not(.specificity){margin-top:var(--global-kb-spacing-lg, 3rem);margin-right:0px;margin-left:0px;}}@media all and (max-width: 767px){.kadence-column575_4f401b-1f > .kt-inside-inner-col{min-height:360px;border-top:0px solid rgba(255,255,255,0);border-right:0px solid rgba(255,255,255,0);border-bottom:0px solid rgba(255,255,255,0);border-left:0px solid rgba(255,255,255,0);flex-direction:column;justify-content:center;align-items:stretch;}}<\/style>\n<div class=\"wp-block-kadence-column kadence-column575_4f401b-1f kb-section-dir-horizontal kb-section-md-dir-vertical\"><div class=\"kt-inside-inner-col\"><style>.wp-block-kadence-image.kb-image575_34403d-a7:not(.kb-specificity-added):not(.kb-extra-specificity-added) > figure{margin-left:-200px;}.kb-image575_34403d-a7.kb-image-is-ratio-size, .kb-image575_34403d-a7 .kb-image-is-ratio-size{max-width:771px;width:100%;}.wp-block-kadence-column > .kt-inside-inner-col > .kb-image575_34403d-a7.kb-image-is-ratio-size, .wp-block-kadence-column > .kt-inside-inner-col > .kb-image575_34403d-a7 .kb-image-is-ratio-size{align-self:unset;}.kb-image575_34403d-a7 figure{max-width:771px;}.kb-image575_34403d-a7 .image-is-svg, .kb-image575_34403d-a7 .image-is-svg img{width:100%;}.kb-image575_34403d-a7 .kb-image-has-overlay:after{opacity:0.3;}@media all and (max-width: 1024px){.wp-block-kadence-image.kb-image575_34403d-a7:not(.kb-specificity-added):not(.kb-extra-specificity-added) > figure{margin-top:0px;margin-right:0px;margin-bottom:0px;margin-left:0px;}}@media all and (max-width: 1024px){.kb-image575_34403d-a7:not(.kb-image-is-ratio-size) .kb-img, .kb-image575_34403d-a7.kb-image-is-ratio-size{padding-top:0px;padding-right:0px;padding-bottom:0px;padding-left:0px;}}<\/style>\n<div class=\"wp-block-kadence-image kb-image575_34403d-a7\"><figure class=\"alignright\"><img decoding=\"async\" src=\"https:\/\/ns-cedin.parisnanterre.fr\/wp-content\/uploads\/2025\/02\/20250207_110039-edited-scaled.jpg\" alt=\"\" class=\"kb-img wp-image-1015\"\/><\/figure><\/div>\n<\/div><\/div>\n\n<\/div><\/div>\n\n<style>.wp-block-kadence-advancedheading.kt-adv-heading575_8fa0ae-e8, .wp-block-kadence-advancedheading.kt-adv-heading575_8fa0ae-e8[data-kb-block=\"kb-adv-heading575_8fa0ae-e8\"]{font-style:normal;}.wp-block-kadence-advancedheading.kt-adv-heading575_8fa0ae-e8 mark.kt-highlight, .wp-block-kadence-advancedheading.kt-adv-heading575_8fa0ae-e8[data-kb-block=\"kb-adv-heading575_8fa0ae-e8\"] mark.kt-highlight{font-style:normal;color:#f76a0c;-webkit-box-decoration-break:clone;box-decoration-break:clone;padding-top:0px;padding-right:0px;padding-bottom:0px;padding-left:0px;}.wp-block-kadence-advancedheading.kt-adv-heading575_8fa0ae-e8 img.kb-inline-image, .wp-block-kadence-advancedheading.kt-adv-heading575_8fa0ae-e8[data-kb-block=\"kb-adv-heading575_8fa0ae-e8\"] img.kb-inline-image{width:150px;vertical-align:baseline;}<\/style>\n<p class=\"kt-adv-heading575_8fa0ae-e8 wp-block-kadence-advancedheading\" data-kb-block=\"kb-adv-heading575_8fa0ae-e8\"><\/p>\n","protected":false},"excerpt":{"rendered":"<p>Dipl\u00f4me d\u2019Universit\u00e9 Droit \u00e9conomie et gestion mention Droit des \u00e9nergies en transition, de l\u2019investissement et de l\u2019arbitrage international Responsable p\u00e9dagogique : Denys-Sacha Robin Le Dipl\u00f4me d\u2019Universit\u00e9 \u00ab&nbsp;Droit des \u00e9nergies en transition, de l\u2019investissement et de l\u2019arbitrage international&nbsp;\u00bb prend la succession du DU \u00ab&nbsp;Droit de l\u2019\u00e9nergie, de l\u2019investissement et de l\u2019arbitrage international&nbsp;\u00bb. Tout en conservant le&#8230;<\/p>\n","protected":false},"author":1,"featured_media":834,"parent":0,"menu_order":0,"comment_status":"closed","ping_status":"closed","template":"","meta":{"_kad_blocks_custom_css":"","_kad_blocks_head_custom_js":"","_kad_blocks_body_custom_js":"","_kad_blocks_footer_custom_js":"","_kadence_starter_templates_imported_post":false,"_kad_post_transparent":"","_kad_post_title":"","_kad_post_layout":"","_kad_post_sidebar_id":"","_kad_post_content_style":"","_kad_post_vertical_padding":"","_kad_post_feature":"","_kad_post_feature_position":"below","_kad_post_header":false,"_kad_post_footer":false,"footnotes":""},"class_list":["post-575","page","type-page","status-publish","has-post-thumbnail","hentry"],"taxonomy_info":[],"featured_image_src_large":["https:\/\/cedin.parisnanterre.fr\/wp-content\/uploads\/2025\/02\/20250207_110039-1024x768.jpg",1024,768,true],"author_info":{"display_name":"admin","author_link":"https:\/\/cedin.parisnanterre.fr\/index.php\/author\/fgabard\/"},"comment_info":0,"_links":{"self":[{"href":"https:\/\/cedin.parisnanterre.fr\/index.php\/wp-json\/wp\/v2\/pages\/575","targetHints":{"allow":["GET"]}}],"collection":[{"href":"https:\/\/cedin.parisnanterre.fr\/index.php\/wp-json\/wp\/v2\/pages"}],"about":[{"href":"https:\/\/cedin.parisnanterre.fr\/index.php\/wp-json\/wp\/v2\/types\/page"}],"author":[{"embeddable":true,"href":"https:\/\/cedin.parisnanterre.fr\/index.php\/wp-json\/wp\/v2\/users\/1"}],"replies":[{"embeddable":true,"href":"https:\/\/cedin.parisnanterre.fr\/index.php\/wp-json\/wp\/v2\/comments?post=575"}],"version-history":[{"count":39,"href":"https:\/\/cedin.parisnanterre.fr\/index.php\/wp-json\/wp\/v2\/pages\/575\/revisions"}],"predecessor-version":[{"id":1938,"href":"https:\/\/cedin.parisnanterre.fr\/index.php\/wp-json\/wp\/v2\/pages\/575\/revisions\/1938"}],"wp:featuredmedia":[{"embeddable":true,"href":"https:\/\/cedin.parisnanterre.fr\/index.php\/wp-json\/wp\/v2\/media\/834"}],"wp:attachment":[{"href":"https:\/\/cedin.parisnanterre.fr\/index.php\/wp-json\/wp\/v2\/media?parent=575"}],"curies":[{"name":"wp","href":"https:\/\/api.w.org\/{rel}","templated":true}]}}