{"id":1576,"date":"2025-02-27T16:19:12","date_gmt":"2025-02-27T16:19:12","guid":{"rendered":"https:\/\/ns-cedin.parisnanterre.fr\/?page_id=1576"},"modified":"2025-04-11T07:15:20","modified_gmt":"2025-04-11T07:15:20","slug":"publi-colloques","status":"publish","type":"page","link":"https:\/\/cedin.parisnanterre.fr\/index.php\/publi-colloques\/","title":{"rendered":"Colloques et autres publications"},"content":{"rendered":"<style>.kb-row-layout-id1576_c57372-80 > .kt-row-column-wrap{align-content:start;}:where(.kb-row-layout-id1576_c57372-80 > .kt-row-column-wrap) > .wp-block-kadence-column{justify-content:start;}.kb-row-layout-id1576_c57372-80 > .kt-row-column-wrap{column-gap:80px;row-gap:var(--global-kb-gap-md, 2rem);max-width:var( --global-content-width, 1290px );padding-left:var(--global-content-edge-padding);padding-right:var(--global-content-edge-padding);padding-top:var(--global-kb-spacing-xxl, 5rem);padding-bottom:var(--global-kb-spacing-xxl, 5rem);grid-template-columns:minmax(0, calc(22.5% - ((80px * 1 )\/2)))minmax(0, calc(77.5% - ((80px * 1 )\/2)));}.kb-row-layout-id1576_c57372-80 > .kt-row-layout-overlay{opacity:1;background-image:url('https:\/\/xoeyed-bear-defo.instawp.xyz\/wp-content\/uploads\/2021\/10\/lines.jpeg');background-size:cover;background-position:center center;background-attachment:scroll;background-repeat:no-repeat;mix-blend-mode:multiply;}@media all and (max-width: 1024px){.kb-row-layout-id1576_c57372-80 > .kt-row-column-wrap{column-gap:var(--global-kb-gap-sm, 1rem);grid-template-columns:repeat(2, minmax(0, 1fr));}}@media all and (max-width: 767px){.kb-row-layout-id1576_c57372-80 > .kt-row-column-wrap{grid-template-columns:minmax(0, 1fr);}}<\/style><div class=\"kb-row-layout-wrap kb-row-layout-id1576_c57372-80 alignfull has-theme-palette9-background-color kt-row-has-bg wp-block-kadence-rowlayout\"><div class=\"kt-row-layout-overlay kt-row-overlay-normal\"><\/div><div class=\"kt-row-column-wrap kt-has-2-columns kt-row-layout-right-golden kt-tab-layout-equal kt-mobile-layout-row kt-row-valign-top kt-inner-column-height-full kb-theme-content-width\">\n<style>.kadence-column1576_6248fe-9d > .kt-inside-inner-col,.kadence-column1576_6248fe-9d > .kt-inside-inner-col:before{border-top-left-radius:0px;border-top-right-radius:0px;border-bottom-right-radius:0px;border-bottom-left-radius:0px;}.kadence-column1576_6248fe-9d > .kt-inside-inner-col{column-gap:var(--global-kb-gap-sm, 1rem);}.kadence-column1576_6248fe-9d > .kt-inside-inner-col{flex-direction:column;}.kadence-column1576_6248fe-9d > .kt-inside-inner-col > .aligncenter{width:100%;}.kadence-column1576_6248fe-9d > .kt-inside-inner-col:before{opacity:0.3;}.kadence-column1576_6248fe-9d{position:relative;}@media all and (max-width: 1024px){.kadence-column1576_6248fe-9d > .kt-inside-inner-col{flex-direction:column;justify-content:center;}}@media all and (max-width: 767px){.kadence-column1576_6248fe-9d > .kt-inside-inner-col{flex-direction:column;justify-content:center;}}<\/style>\n<div class=\"wp-block-kadence-column kadence-column1576_6248fe-9d inner-column-1\"><div class=\"kt-inside-inner-col\"><style>.kb-image1576_abf8cd-e7 .kb-image-has-overlay:after{opacity:0.3;}<\/style>\n<figure class=\"wp-block-kadence-image kb-image1576_abf8cd-e7 size-full\"><img decoding=\"async\" src=\"https:\/\/ns-cedin.parisnanterre.fr\/wp-content\/uploads\/2025\/02\/978-2-2330-1054-4.png\" alt=\"\" class=\"kb-img wp-image-1521\"\/><\/figure>\n<\/div><\/div>\n\n\n<style>.kadence-column1576_32a274-2c > .kt-inside-inner-col,.kadence-column1576_32a274-2c > .kt-inside-inner-col:before{border-top-left-radius:0px;border-top-right-radius:0px;border-bottom-right-radius:0px;border-bottom-left-radius:0px;}.kadence-column1576_32a274-2c > .kt-inside-inner-col{column-gap:var(--global-kb-gap-sm, 1rem);}.kadence-column1576_32a274-2c > .kt-inside-inner-col{flex-direction:column;}.kadence-column1576_32a274-2c > .kt-inside-inner-col > .aligncenter{width:100%;}.kadence-column1576_32a274-2c > .kt-inside-inner-col:before{opacity:0.3;}.kadence-column1576_32a274-2c{position:relative;}@media all and (max-width: 1024px){.kadence-column1576_32a274-2c > .kt-inside-inner-col{flex-direction:column;justify-content:center;}}@media all and (max-width: 767px){.kadence-column1576_32a274-2c > .kt-inside-inner-col{flex-direction:column;justify-content:center;}}<\/style>\n<div class=\"wp-block-kadence-column kadence-column1576_32a274-2c inner-column-2\"><div class=\"kt-inside-inner-col\"><style>.wp-block-kadence-advancedheading.kt-adv-heading1576_983eab-88, .wp-block-kadence-advancedheading.kt-adv-heading1576_983eab-88[data-kb-block=\"kb-adv-heading1576_983eab-88\"]{font-size:var(--global-kb-font-size-sm, 0.9rem);font-style:normal;text-transform:uppercase;}.wp-block-kadence-advancedheading.kt-adv-heading1576_983eab-88 mark.kt-highlight, .wp-block-kadence-advancedheading.kt-adv-heading1576_983eab-88[data-kb-block=\"kb-adv-heading1576_983eab-88\"] mark.kt-highlight{font-style:normal;color:#f76a0c;-webkit-box-decoration-break:clone;box-decoration-break:clone;padding-top:0px;padding-right:0px;padding-bottom:0px;padding-left:0px;}.wp-block-kadence-advancedheading.kt-adv-heading1576_983eab-88 img.kb-inline-image, .wp-block-kadence-advancedheading.kt-adv-heading1576_983eab-88[data-kb-block=\"kb-adv-heading1576_983eab-88\"] img.kb-inline-image{width:150px;vertical-align:baseline;}<\/style>\n<h6 class=\"kt-adv-heading1576_983eab-88 wp-block-kadence-advancedheading has-theme-palette-1-color has-text-color\" data-kb-block=\"kb-adv-heading1576_983eab-88\"><strong>D\u00e9bats et Perspectives en Droit Internationa<\/strong>L<\/h6>\n\n\n<style>.wp-block-kadence-advancedheading.kt-adv-heading1576_dbbbd7-8b, .wp-block-kadence-advancedheading.kt-adv-heading1576_dbbbd7-8b[data-kb-block=\"kb-adv-heading1576_dbbbd7-8b\"]{padding-top:var(--global-kb-spacing-xs, 1rem);padding-bottom:var(--global-kb-spacing-xs, 1rem);font-size:var(--global-kb-font-size-lg, 2rem);line-height:1.2;font-style:normal;}.wp-block-kadence-advancedheading.kt-adv-heading1576_dbbbd7-8b mark.kt-highlight, .wp-block-kadence-advancedheading.kt-adv-heading1576_dbbbd7-8b[data-kb-block=\"kb-adv-heading1576_dbbbd7-8b\"] mark.kt-highlight{font-style:normal;color:#f76a0c;-webkit-box-decoration-break:clone;box-decoration-break:clone;padding-top:0px;padding-right:0px;padding-bottom:0px;padding-left:0px;}.wp-block-kadence-advancedheading.kt-adv-heading1576_dbbbd7-8b img.kb-inline-image, .wp-block-kadence-advancedheading.kt-adv-heading1576_dbbbd7-8b[data-kb-block=\"kb-adv-heading1576_dbbbd7-8b\"] img.kb-inline-image{width:150px;vertical-align:baseline;}@media all and (max-width: 767px){.wp-block-kadence-advancedheading.kt-adv-heading1576_dbbbd7-8b, .wp-block-kadence-advancedheading.kt-adv-heading1576_dbbbd7-8b[data-kb-block=\"kb-adv-heading1576_dbbbd7-8b\"]{font-size:24px;}}<\/style>\n<h2 class=\"kt-adv-heading1576_dbbbd7-8b wp-block-kadence-advancedheading has-theme-palette-5-color has-text-color\" data-kb-block=\"kb-adv-heading1576_dbbbd7-8b\"><strong>Les actes de colloques du CEDIN retranscrivent les \u00e9changes et analyses issus de nos \u00e9v\u00e9nements scientifiques. Ils offrent une r\u00e9flexion approfondie sur les grands enjeux du droit international et europ\u00e9en, \u00e0 travers les contributions de sp\u00e9cialistes et praticen<strong>\u00b7ne<\/strong><\/strong><strong>\u00b7s<\/strong> des questions concern\u00e9es<\/h2>\n\n\n<style>.wp-block-kadence-advancedheading.kt-adv-heading1576_25ca18-3c, .wp-block-kadence-advancedheading.kt-adv-heading1576_25ca18-3c[data-kb-block=\"kb-adv-heading1576_25ca18-3c\"]{font-style:normal;}.wp-block-kadence-advancedheading.kt-adv-heading1576_25ca18-3c mark.kt-highlight, .wp-block-kadence-advancedheading.kt-adv-heading1576_25ca18-3c[data-kb-block=\"kb-adv-heading1576_25ca18-3c\"] mark.kt-highlight{font-style:normal;color:#f76a0c;-webkit-box-decoration-break:clone;box-decoration-break:clone;padding-top:0px;padding-right:0px;padding-bottom:0px;padding-left:0px;}.wp-block-kadence-advancedheading.kt-adv-heading1576_25ca18-3c img.kb-inline-image, .wp-block-kadence-advancedheading.kt-adv-heading1576_25ca18-3c[data-kb-block=\"kb-adv-heading1576_25ca18-3c\"] img.kb-inline-image{width:150px;vertical-align:baseline;}<\/style>\n<p class=\"kt-adv-heading1576_25ca18-3c wp-block-kadence-advancedheading has-theme-palette-3-color has-text-color\" data-kb-block=\"kb-adv-heading1576_25ca18-3c\">Aurescu, B., Pellet, A. (dir.),\u00a0<a href=\"http:\/\/pedone.info\/cedin\/fleuves\/fleuves.html\">Actualit\u00e9 du droit des fleuves internationaux<\/a>, Paris, Pedone, 2010, 310 p.<br>Aurescu, B., Pellet, A.; Thouvenin J.-M., G\u00e2lea I. (dir.), Actualite\u0301 du droit des mers ferme\u0301es et semi-ferme\u0301es : actes des journe\u0301es d&rsquo;e\u0301tudes des 30 et 31 mai 2016, Paris, Pedone, 2010, 214 p.<br>Barbato, J.-Ch., Bories, C. (dir.),\u00a0<a href=\"http:\/\/pedone.info\/livre\/europeanisation-et-internationalisation-du-droit-des-musees\/\">Europ\u00e9anisation et internationalisation du droit des mus\u00e9es<\/a>, Paris, Pedone, 2017, 230 p.<br>Bories, C. (dir.), Les bombardements serbes sur la vieille ville de Dubrovnik : la protection internationale des biens culturels, Paris, Pedone, 2005, 235 p.<br>Bories, C. (dir.),\u00a0<a href=\"http:\/\/pedone.info\/livre\/un-droit-administratif-global\/\">Un droit administratif global ? A global Administrative Law?<\/a>, Paris, Pedone, 2012, 394 p.<br>Chaumette, A.-L., Parizot, R. (dir.), <a href=\"https:\/\/pedone.info\/livre\/les-nouvelles-formes-de-criminalite-internationale\/\">Les nouvelles formes de criminalit\u00e9 internationale. Dialogue entre internationalistes et p\u00e9nalistes<\/a>, Paris, Pedone, 2021.<br>Chaumette, A.-L., Haupais N. (dir.),<a href=\"https:\/\/pedone.info\/livre\/religion-et-droit-international\/\"> Religion et droit international public<\/a>, colloque du 13 octobre 2016, Universit\u00e9 Paris Nanterre, 2018.<br>Chaumette, A.-L., Thouvenin, J.-M. (dir.),\u00a0<a href=\"http:\/\/pedone.info\/livre\/la-responsabilite-de-proteger-dix-ans-apres-the-responsability-to-protect-ten-years-on\/\">La responsabilit\u00e9 de prot\u00e9ger, dix ans apr\u00e8s \/The Responsibility to Protect, ten years on<\/a>, Paris, Pedone, 2013, 206 p.<br>Chemain, R., Sorel, J.-M., (dir.),\u00a0<a href=\"https:\/\/www.lgdj.fr\/quelle-souverainete-budgetaire-pour-les-etats-9782233006967.html\">Quelle souverainet\u00e9 budg\u00e9taire pour les \u00c9tats ?<\/a>, Paris, Pedone, 2013, 200 p.<br>Chemain, R. (dir.),\u00a0<a href=\"https:\/\/www.lgdj.fr\/la-refondation-du-systeme-monetaire-et-financier-international-9782233006172.html\">La refondation du syst\u00e8me mon\u00e9taire et financier international<\/a>, Paris, Pedone, 2011, 358 p.<br>Chemain, R., Pellet, A. (dir.),\u00a0<a href=\"https:\/\/www.lgdj.fr\/la-charte-des-nations-unies-constitution-mondiale-9782233004864.html\">La Charte des Nations Unies, constitution mondiale ?<\/a>, Pedone, 2006, 237 p.<br>Cosnard M., Les d\u00e9troits territorialis\u00e9s, Etudes du CEDIN, 1987<br>Daillier, P., Kovacs, P. (dir.),\u00a0\u00a0<a href=\"http:\/\/www.lextenso-editions.fr\/ouvrages\/document\/1950\">Perspectives d&rsquo;int\u00e9gration des pays d&rsquo;Europe centrale et orientale aux institutions de l&rsquo;Europe occidentale<\/a>, Paris, L.G.D.J, 1998, 392 p.<br>Decaux, E., Sicilianos L.-A. (dir.), La C.S.C.E. : dimension humaine et re\u0300glement des diffe\u0301rends : actes du colloque des 29 et 30 janvier 1993, Paris, Montchrestien, 1993.<br>Decaux, E., Pellet, A. (dir.), <a href=\"https:\/\/books.google.fr\/books\/about\/Nationalit%C3%A9_minorit%C3%A9s_et_succession_d.html?id=Z1mQAAAAMAAJ&amp;redir_esc=y\">Nationalit\u00e9, minorit\u00e9s et succession d\u2019\u00c9tats en Europe de l\u2019Est<\/a>, Paris, Montchrestien, 1996, 330 p.<br>Decaux, E., Joinet, L. (dir.), L&rsquo;ONU face a\u0300 la de\u0301tention arbitraire : bilan de six anne\u0301es de fonctionnement du Groupe de travail sur la de\u0301tention arbitraire, Cedin-Paris X-Nanterre, 1997, 134p.<br>Forteau, M., Ub\u00e9da-Saillard, M. (dir.),\u00a0<a href=\"http:\/\/pedone.info\/sfdi\/719\/RESERVES.html\">Actualit\u00e9s des r\u00e9serves aux trait\u00e9s: journ\u00e9e d&rsquo;\u00e9tudes de Nanterre<\/a>, Paris, Pedone, 2014<br>Forteau, M. (dir.),\u00a0<a href=\"http:\/\/pedone.info\/livre\/la-fragmentation-du-droit-applicable-aux-relations-internationales\/\">La fragmentation du droit applicable aux relations internationales. Regards crois\u00e9s d&rsquo;internationalistes privatistes et publicistes<\/a>, Paris, Pedone, 2011, 208 p.<br>Forteau, M., Latty F. (dir.), <a href=\"https:\/\/pedone.info\/livre\/communication-mediatique-de-letat-et-droit-international\/\">Communication m\u00e9diatique de l\u2019Etat et droit international<\/a>, Paris, Pedone, 2022, 252p.<br>Gh\u00e9rari, H., Szurek, S. (dir.),<a href=\"https:\/\/www.lgdj.fr\/l-emergence-de-la-societe-civile-internationale-9782233004246.html\">\u00a0L&rsquo;\u00e9mergence de la soci\u00e9t\u00e9 civile internationale. Vers la privatisation du droit international ?<\/a>, Paris, Pedone, 2003, 350 p.<br>Gherari, H., Szurek, S. (dir.), Sanctions unilat\u00e9rales, mondialisation du commerce et ordre juridique international. A propos des lois Helms-Burton et D&rsquo;Amato-Kennedy, Paris, Montchrestien, 1998, 340 p.<br>Grosbon, S. (dir.),\u00a0<a href=\"http:\/\/pedone.info\/livre\/resistance-et-resilience-des-pactes-internationaux-de-droits-de-lhomme-a-lepreuve-dune-societe-internationale-post-moderne\/\">R\u00e9sistance et R\u00e9silience des Pactes internationaux de droits de l\u2019Homme \u00e0 l\u2019\u00e9preuve d\u2019une soci\u00e9t\u00e9 internationale post-moderne<\/a>, Paris, Pedone, 2018<br>Labouz M.-F. (dir.),  Le tribunal des diffe\u0301rends irano-ame\u0301ricains : journe\u0301e d&rsquo;actualite\u0301 internationale, 19 avril 1984, Palais du Luxembourg, Cahiers du CEDIN, 1985.<br>Labouz M.-F., Bazex M. (dir.), L&rsquo;application extraterritoriale du droit e\u0301conomique, Paris, Montchrestien, 1987.<br>Labouz M.-F. (dir.),  L&rsquo;Immunit\u00e9 d&rsquo;ex\u00e9cution de l&rsquo;Etat \u00e9tranger : 22 avril 1988, Paris, Montchrestien, 1990.<br>Latty F. (dir.), <a href=\"https:\/\/www.boutique-dalloz.fr\/l-organisation-des-jeux-questions-de-droit-public-p.html\">L&rsquo;organisation des Jeux Olympiques et Paralympiques de Paris 2024 : questions de droit public<\/a>, Paris, Dalloz, 2024, 344 p.<br>Lescure K., Trintignac F., Une justice internationale pour l&rsquo;ex-Yougoslavie : mode d&#8217;emploi du Tribunal p\u00e9nal international de La Haye, L&rsquo;Harmattan, 1994, 122 p.<br>Ruiz Fabri H., Boniface P., Succession d&rsquo;Etats en Europe de l&rsquo;Est et avenir de la se\u0301curite\u0301 en Europe : actes du colloque du 6 avril 1995,  Paris, Montchrestien, 1995, 176 p.<br>Stern, B. (dir.), Aspects juridiques de la crise et de la guerre du Golfe, Cahiers du CEDIN, Paris, Montchrestien, 1991,\u00a0<em>ouvrage partiellement accessible en ligne<\/em><br>Stern, B. (dir.), L&rsquo;application extraterritoriale du droit \u00e9conomique, Cahiers du CEDIN, 1987<br>Stern, B. (dir.), Le Tribunal des diff\u00e9rends irano-am\u00e9ricains, Paris, Montchrestien,\u00a01985<br>Stern, B., Burdeau G., Dissolution, continuation et succession en Europe de l&rsquo;Est : succession d&rsquo;Etats et relations e\u0301conomiques internationales, Paris, Montchrestien,\u00a01994.<br>Sur, S. (dir.), La France aux Nations Unies, Cahiers du CEDIN, n\u00b0 2, LGDJ, 1985<br>Thouvenin, J.-M., Wei\u00df, N., (dir.),\u00a0<a href=\"https:\/\/www.springer.com\/de\/book\/9783319120201\">The Infuence of Human Rights on International Law<\/a>, Springer, 2015<br>Thouvenin, J.-M., Joly H\u00e9bert J., (dir.),<a href=\"https:\/\/pedone.info\/livre\/la-cour-internationale-de-justice-a-75-ans\/\"> La Cour internationale de Justice \u00e0 75 ans<\/a>, Pedone, 2023, 318 p.<br>Thierry, H., Decaux, E. (dir.), Droit international et droits de l\u2019homme, Paris, Montchrestien, 1990<\/p>\n\n\n<style>.wp-block-kadence-advancedheading.kt-adv-heading1576_51cbfb-80, .wp-block-kadence-advancedheading.kt-adv-heading1576_51cbfb-80[data-kb-block=\"kb-adv-heading1576_51cbfb-80\"]{font-style:normal;}.wp-block-kadence-advancedheading.kt-adv-heading1576_51cbfb-80 mark.kt-highlight, .wp-block-kadence-advancedheading.kt-adv-heading1576_51cbfb-80[data-kb-block=\"kb-adv-heading1576_51cbfb-80\"] mark.kt-highlight{font-style:normal;color:#f76a0c;-webkit-box-decoration-break:clone;box-decoration-break:clone;padding-top:0px;padding-right:0px;padding-bottom:0px;padding-left:0px;}.wp-block-kadence-advancedheading.kt-adv-heading1576_51cbfb-80 img.kb-inline-image, .wp-block-kadence-advancedheading.kt-adv-heading1576_51cbfb-80[data-kb-block=\"kb-adv-heading1576_51cbfb-80\"] img.kb-inline-image{width:150px;vertical-align:baseline;}<\/style>\n<p class=\"kt-adv-heading1576_51cbfb-80 wp-block-kadence-advancedheading\" data-kb-block=\"kb-adv-heading1576_51cbfb-80\"><\/p>\n\n\n<style>.wp-block-kadence-advancedheading.kt-adv-heading1576_103268-cf, .wp-block-kadence-advancedheading.kt-adv-heading1576_103268-cf[data-kb-block=\"kb-adv-heading1576_103268-cf\"]{font-style:normal;}.wp-block-kadence-advancedheading.kt-adv-heading1576_103268-cf mark.kt-highlight, .wp-block-kadence-advancedheading.kt-adv-heading1576_103268-cf[data-kb-block=\"kb-adv-heading1576_103268-cf\"] mark.kt-highlight{font-style:normal;color:#f76a0c;-webkit-box-decoration-break:clone;box-decoration-break:clone;padding-top:0px;padding-right:0px;padding-bottom:0px;padding-left:0px;}.wp-block-kadence-advancedheading.kt-adv-heading1576_103268-cf img.kb-inline-image, .wp-block-kadence-advancedheading.kt-adv-heading1576_103268-cf[data-kb-block=\"kb-adv-heading1576_103268-cf\"] img.kb-inline-image{width:150px;vertical-align:baseline;}<\/style>\n<p class=\"kt-adv-heading1576_103268-cf wp-block-kadence-advancedheading\" data-kb-block=\"kb-adv-heading1576_103268-cf\"><\/p>\n<\/div><\/div>\n\n<\/div><\/div>","protected":false},"excerpt":{"rendered":"<p>D\u00e9bats et Perspectives en Droit InternationaL Les actes de colloques du CEDIN retranscrivent les \u00e9changes et analyses issus de nos \u00e9v\u00e9nements scientifiques. Ils offrent une r\u00e9flexion approfondie sur les grands enjeux du droit international et europ\u00e9en, \u00e0 travers les contributions de sp\u00e9cialistes et praticen\u00b7ne\u00b7s des questions concern\u00e9es Aurescu, B., Pellet, A. (dir.),\u00a0Actualit\u00e9 du droit des&#8230;<\/p>\n","protected":false},"author":1,"featured_media":0,"parent":0,"menu_order":0,"comment_status":"closed","ping_status":"closed","template":"","meta":{"_kad_blocks_custom_css":"","_kad_blocks_head_custom_js":"","_kad_blocks_body_custom_js":"","_kad_blocks_footer_custom_js":"","_kadence_starter_templates_imported_post":false,"_kad_post_transparent":"","_kad_post_title":"","_kad_post_layout":"","_kad_post_sidebar_id":"","_kad_post_content_style":"","_kad_post_vertical_padding":"","_kad_post_feature":"","_kad_post_feature_position":"","_kad_post_header":false,"_kad_post_footer":false,"footnotes":""},"class_list":["post-1576","page","type-page","status-publish","hentry"],"taxonomy_info":[],"featured_image_src_large":false,"author_info":{"display_name":"admin","author_link":"https:\/\/cedin.parisnanterre.fr\/index.php\/author\/fgabard\/"},"comment_info":0,"_links":{"self":[{"href":"https:\/\/cedin.parisnanterre.fr\/index.php\/wp-json\/wp\/v2\/pages\/1576","targetHints":{"allow":["GET"]}}],"collection":[{"href":"https:\/\/cedin.parisnanterre.fr\/index.php\/wp-json\/wp\/v2\/pages"}],"about":[{"href":"https:\/\/cedin.parisnanterre.fr\/index.php\/wp-json\/wp\/v2\/types\/page"}],"author":[{"embeddable":true,"href":"https:\/\/cedin.parisnanterre.fr\/index.php\/wp-json\/wp\/v2\/users\/1"}],"replies":[{"embeddable":true,"href":"https:\/\/cedin.parisnanterre.fr\/index.php\/wp-json\/wp\/v2\/comments?post=1576"}],"version-history":[{"count":18,"href":"https:\/\/cedin.parisnanterre.fr\/index.php\/wp-json\/wp\/v2\/pages\/1576\/revisions"}],"predecessor-version":[{"id":2347,"href":"https:\/\/cedin.parisnanterre.fr\/index.php\/wp-json\/wp\/v2\/pages\/1576\/revisions\/2347"}],"wp:attachment":[{"href":"https:\/\/cedin.parisnanterre.fr\/index.php\/wp-json\/wp\/v2\/media?parent=1576"}],"curies":[{"name":"wp","href":"https:\/\/api.w.org\/{rel}","templated":true}]}}